{"id":2341,"date":"2026-04-09T14:22:45","date_gmt":"2026-04-09T12:22:45","guid":{"rendered":"https:\/\/mkm68creation.fr\/?post_type=product&#038;p=2341"},"modified":"2026-04-09T17:00:37","modified_gmt":"2026-04-09T15:00:37","slug":"box-diy-ma-bulle-enchantee","status":"publish","type":"product","link":"https:\/\/mkm68creation.fr\/?product=box-diy-ma-bulle-enchantee","title":{"rendered":"Box Diy Ma bulle enchant\u00e9e"},"content":{"rendered":"<p>Box Diy \u2013<\/p>\n<p>Ma bulle enchant\u00e9e \u2013 \u00ab\u00a0Au bord de mer ou printani\u00e8re \u00a0\u00bb<\/p>\n<p>Une exp\u00e9rience cr\u00e9ative et relaxante<\/p>\n<p>Cr\u00e9ez votre propre bougie d\u00e9corative avec du sable de bougie naturel qui flotte d\u00e9licatement sur l\u2019eau.<\/p>\n<p>Une activit\u00e9 simple, apaisante et esth\u00e9tique pour d\u00e9corer votre int\u00e9rieur.<\/p>\n<p>Transformez un simple verre en bougie d\u00e9corative unique.<\/p>\n<p>\u2728 Contenu de votre box<\/p>\n<p>1 verre d\u00e9coratif avec couvercle<\/p>\n<p>1 flacon de sable de bougie (cire de soja 100% v\u00e9g\u00e9tal) avec m\u00e8ches<\/p>\n<p>1 flacon de paillettes (couleur al\u00e9atoire)<\/p>\n<p>\u00e9l\u00e9ments d\u00e9coratifs (pierres naturelle d&rsquo;am\u00e9thyste \/fleurs \/ figurine canard ou tortue en r\u00e9sine \u00e9poxy)<\/p>\n<p>1 cuill\u00e8re pour \u00e9galiser le sable<\/p>\n","protected":false},"excerpt":{"rendered":"<p>Box Diy \u2013 Ma bulle enchant\u00e9e \u2013 \u00ab\u00a0Au bord de mer ou printani\u00e8re \u00a0\u00bb Une exp\u00e9rience cr\u00e9ative et relaxante Cr\u00e9ez votre propre bougie d\u00e9corative avec du sable de bougie naturel qui flotte d\u00e9licatement sur l\u2019eau. Une activit\u00e9 simple, apaisante et esth\u00e9tique pour d\u00e9corer votre int\u00e9rieur. Transformez un simple verre en bougie d\u00e9corative unique. \u2728 Contenu [&hellip;]<\/p>\n","protected":false},"featured_media":2337,"comment_status":"open","ping_status":"closed","template":"","meta":[],"product_cat":[72,71],"product_tag":[],"class_list":{"0":"post-2341","1":"product","2":"type-product","3":"status-publish","4":"has-post-thumbnail","6":"product_cat-aromatherapie","7":"product_cat-box","9":"first","10":"instock","11":"shipping-taxable","12":"purchasable","13":"product-type-variable"},"jetpack_sharing_enabled":true,"_links":{"self":[{"href":"https:\/\/mkm68creation.fr\/index.php?rest_route=\/wp\/v2\/product\/2341","targetHints":{"allow":["GET"]}}],"collection":[{"href":"https:\/\/mkm68creation.fr\/index.php?rest_route=\/wp\/v2\/product"}],"about":[{"href":"https:\/\/mkm68creation.fr\/index.php?rest_route=\/wp\/v2\/types\/product"}],"replies":[{"embeddable":true,"href":"https:\/\/mkm68creation.fr\/index.php?rest_route=%2Fwp%2Fv2%2Fcomments&post=2341"}],"wp:featuredmedia":[{"embeddable":true,"href":"https:\/\/mkm68creation.fr\/index.php?rest_route=\/wp\/v2\/media\/2337"}],"wp:attachment":[{"href":"https:\/\/mkm68creation.fr\/index.php?rest_route=%2Fwp%2Fv2%2Fmedia&parent=2341"}],"wp:term":[{"taxonomy":"product_cat","embeddable":true,"href":"https:\/\/mkm68creation.fr\/index.php?rest_route=%2Fwp%2Fv2%2Fproduct_cat&post=2341"},{"taxonomy":"product_tag","embeddable":true,"href":"https:\/\/mkm68creation.fr\/index.php?rest_route=%2Fwp%2Fv2%2Fproduct_tag&post=2341"}],"curies":[{"name":"wp","href":"https:\/\/api.w.org\/{rel}","templated":true}]}}