{"id":2248,"date":"2025-09-30T09:13:23","date_gmt":"2025-09-30T07:13:23","guid":{"rendered":"https:\/\/mkm68creation.fr\/?post_type=product&#038;p=2248"},"modified":"2025-09-30T09:25:07","modified_gmt":"2025-09-30T07:25:07","slug":"plateau-arche-de-lumiere","status":"publish","type":"product","link":"https:\/\/mkm68creation.fr\/?product=plateau-arche-de-lumiere","title":{"rendered":"plateau Arche de lumi\u00e8re"},"content":{"rendered":"<p>D\u00e9couvrez nos plateaux d\u00e9coratifs en r\u00e9sine naturelle, enti\u00e8rement faits main en Alsace \ud83e\udd0d<br \/>\nChaque set comprend :<br \/>\n\ud83c\udf3f Un plateau raffin\u00e9 en r\u00e9sine naturelle<br \/>\n\ud83d\udd25 Des allumettes et m\u00e8ches fournies<br \/>\n\ud83d\udd6f\ufe0f Du sable de bougie fourni (50 g) pour sublimer vos moments cocooning<br \/>\n\ud83c\udf38 Une touche florale artisanale pour la d\u00e9coration<\/p>\n<p>Ces cr\u00e9ations uniques allient esth\u00e9tique, utilit\u00e9 et authenticit\u00e9, parfaites pour embellir votre int\u00e9rieur ou offrir un cadeau original.<\/p>\n","protected":false},"excerpt":{"rendered":"<p>D\u00e9couvrez nos plateaux d\u00e9coratifs en r\u00e9sine naturelle, enti\u00e8rement faits main en Alsace \ud83e\udd0d Chaque set comprend : \ud83c\udf3f Un plateau raffin\u00e9 en r\u00e9sine naturelle \ud83d\udd25 Des allumettes et m\u00e8ches fournies \ud83d\udd6f\ufe0f Du sable de bougie fourni (50 g) pour sublimer vos moments cocooning \ud83c\udf38 Une touche florale artisanale pour la d\u00e9coration Ces cr\u00e9ations uniques allient [&hellip;]<\/p>\n","protected":false},"featured_media":2245,"comment_status":"open","ping_status":"closed","template":"","meta":[],"product_cat":[71,65],"product_tag":[],"class_list":{"0":"post-2248","1":"product","2":"type-product","3":"status-publish","4":"has-post-thumbnail","6":"product_cat-box","7":"product_cat-resine-naturelle","9":"first","10":"instock","11":"shipping-taxable","12":"purchasable","13":"product-type-variable"},"jetpack_sharing_enabled":true,"_links":{"self":[{"href":"https:\/\/mkm68creation.fr\/index.php?rest_route=\/wp\/v2\/product\/2248","targetHints":{"allow":["GET"]}}],"collection":[{"href":"https:\/\/mkm68creation.fr\/index.php?rest_route=\/wp\/v2\/product"}],"about":[{"href":"https:\/\/mkm68creation.fr\/index.php?rest_route=\/wp\/v2\/types\/product"}],"replies":[{"embeddable":true,"href":"https:\/\/mkm68creation.fr\/index.php?rest_route=%2Fwp%2Fv2%2Fcomments&post=2248"}],"wp:featuredmedia":[{"embeddable":true,"href":"https:\/\/mkm68creation.fr\/index.php?rest_route=\/wp\/v2\/media\/2245"}],"wp:attachment":[{"href":"https:\/\/mkm68creation.fr\/index.php?rest_route=%2Fwp%2Fv2%2Fmedia&parent=2248"}],"wp:term":[{"taxonomy":"product_cat","embeddable":true,"href":"https:\/\/mkm68creation.fr\/index.php?rest_route=%2Fwp%2Fv2%2Fproduct_cat&post=2248"},{"taxonomy":"product_tag","embeddable":true,"href":"https:\/\/mkm68creation.fr\/index.php?rest_route=%2Fwp%2Fv2%2Fproduct_tag&post=2248"}],"curies":[{"name":"wp","href":"https:\/\/api.w.org\/{rel}","templated":true}]}}