{"id":2241,"date":"2025-09-27T15:18:38","date_gmt":"2025-09-27T13:18:38","guid":{"rendered":"https:\/\/mkm68creation.fr\/?post_type=product&#038;p=2241"},"modified":"2025-09-28T22:02:16","modified_gmt":"2025-09-28T20:02:16","slug":"centre-de-table-ecureuil","status":"publish","type":"product","link":"https:\/\/mkm68creation.fr\/?product=centre-de-table-ecureuil","title":{"rendered":"centre de table \u00e9cureuil"},"content":{"rendered":"<p>\u2728\ufe0fNouveaut\u00e9 Automne \u2728<\/p>\n<p>Ambiance cocooning garantie avec notre centre de table en r\u00e9sine a remplir de sable de bougie \ud83d\udd6f\ufe0f<\/p>\n<p>Petit \u00e9cureuil fait ses r\u00e9serves<br \/>\nchampignon, gland , feuilles color\u00e9es &amp; petites touches automnales \ud83c\udf42\ud83c\udf83<\/p>\n<p>Un must-have pour vos soir\u00e9es chaleureuses \u2728<\/p>\n<p>compos\u00e9 :<\/p>\n<p>un centre de table et son \u00e9cureuil en resine naturelle<\/p>\n<p>150 gr de sable de bougie<\/p>\n<p>fiole avec 10 m\u00e8ches \u00e0 piquer<\/p>\n<p>pochette de d\u00e9coration automnale<\/p>\n<p>\ud83d\udc49 \u00c9dition limit\u00e9e \u2013 ne laissez pas filer l\u2019automne sans lui \ud83c\udf1f<\/p>\n","protected":false},"excerpt":{"rendered":"<p>\u2728\ufe0fNouveaut\u00e9 Automne \u2728 Ambiance cocooning garantie avec notre centre de table en r\u00e9sine a remplir de sable de bougie \ud83d\udd6f\ufe0f Petit \u00e9cureuil fait ses r\u00e9serves champignon, gland , feuilles color\u00e9es &amp; petites touches automnales \ud83c\udf42\ud83c\udf83 Un must-have pour vos soir\u00e9es chaleureuses \u2728 compos\u00e9 : un centre de table et son \u00e9cureuil en resine naturelle 150 [&hellip;]<\/p>\n","protected":false},"featured_media":2238,"comment_status":"open","ping_status":"closed","template":"","meta":[],"product_cat":[71,65],"product_tag":[],"class_list":{"0":"post-2241","1":"product","2":"type-product","3":"status-publish","4":"has-post-thumbnail","6":"product_cat-box","7":"product_cat-resine-naturelle","9":"first","10":"instock","11":"shipping-taxable","12":"purchasable","13":"product-type-variable"},"jetpack_sharing_enabled":true,"_links":{"self":[{"href":"https:\/\/mkm68creation.fr\/index.php?rest_route=\/wp\/v2\/product\/2241","targetHints":{"allow":["GET"]}}],"collection":[{"href":"https:\/\/mkm68creation.fr\/index.php?rest_route=\/wp\/v2\/product"}],"about":[{"href":"https:\/\/mkm68creation.fr\/index.php?rest_route=\/wp\/v2\/types\/product"}],"replies":[{"embeddable":true,"href":"https:\/\/mkm68creation.fr\/index.php?rest_route=%2Fwp%2Fv2%2Fcomments&post=2241"}],"wp:featuredmedia":[{"embeddable":true,"href":"https:\/\/mkm68creation.fr\/index.php?rest_route=\/wp\/v2\/media\/2238"}],"wp:attachment":[{"href":"https:\/\/mkm68creation.fr\/index.php?rest_route=%2Fwp%2Fv2%2Fmedia&parent=2241"}],"wp:term":[{"taxonomy":"product_cat","embeddable":true,"href":"https:\/\/mkm68creation.fr\/index.php?rest_route=%2Fwp%2Fv2%2Fproduct_cat&post=2241"},{"taxonomy":"product_tag","embeddable":true,"href":"https:\/\/mkm68creation.fr\/index.php?rest_route=%2Fwp%2Fv2%2Fproduct_tag&post=2241"}],"curies":[{"name":"wp","href":"https:\/\/api.w.org\/{rel}","templated":true}]}}