{"id":2213,"date":"2025-08-15T20:50:32","date_gmt":"2025-08-15T18:50:32","guid":{"rendered":"https:\/\/mkm68creation.fr\/?post_type=product&#038;p=2213"},"modified":"2025-08-15T21:20:47","modified_gmt":"2025-08-15T19:20:47","slug":"pot-noeud","status":"publish","type":"product","link":"https:\/\/mkm68creation.fr\/?product=pot-noeud","title":{"rendered":"pot n\u0153ud"},"content":{"rendered":"<p>\ud83c\udf80 <em>pots en r\u00e9sine \u00e9poxy en forme de n\u0153ud, parfaits pour organiser pinceaux, stylos, crayons et bien plus encore. <\/em>\ud83c\udf80<\/p>\n","protected":false},"excerpt":{"rendered":"<p>\ud83c\udf80 pots en r\u00e9sine \u00e9poxy en forme de n\u0153ud, parfaits pour organiser pinceaux, stylos, crayons et bien plus encore. \ud83c\udf80<\/p>\n","protected":false},"featured_media":2211,"comment_status":"open","ping_status":"closed","template":"","meta":[],"product_cat":[76,33,53],"product_tag":[],"class_list":{"0":"post-2213","1":"product","2":"type-product","3":"status-publish","4":"has-post-thumbnail","6":"product_cat-fantasique-cute","7":"product_cat-accessoires","8":"product_cat-pots-accessoires","10":"first","11":"instock","12":"shipping-taxable","13":"purchasable","14":"product-type-variable"},"jetpack_sharing_enabled":true,"_links":{"self":[{"href":"https:\/\/mkm68creation.fr\/index.php?rest_route=\/wp\/v2\/product\/2213","targetHints":{"allow":["GET"]}}],"collection":[{"href":"https:\/\/mkm68creation.fr\/index.php?rest_route=\/wp\/v2\/product"}],"about":[{"href":"https:\/\/mkm68creation.fr\/index.php?rest_route=\/wp\/v2\/types\/product"}],"replies":[{"embeddable":true,"href":"https:\/\/mkm68creation.fr\/index.php?rest_route=%2Fwp%2Fv2%2Fcomments&post=2213"}],"wp:featuredmedia":[{"embeddable":true,"href":"https:\/\/mkm68creation.fr\/index.php?rest_route=\/wp\/v2\/media\/2211"}],"wp:attachment":[{"href":"https:\/\/mkm68creation.fr\/index.php?rest_route=%2Fwp%2Fv2%2Fmedia&parent=2213"}],"wp:term":[{"taxonomy":"product_cat","embeddable":true,"href":"https:\/\/mkm68creation.fr\/index.php?rest_route=%2Fwp%2Fv2%2Fproduct_cat&post=2213"},{"taxonomy":"product_tag","embeddable":true,"href":"https:\/\/mkm68creation.fr\/index.php?rest_route=%2Fwp%2Fv2%2Fproduct_tag&post=2213"}],"curies":[{"name":"wp","href":"https:\/\/api.w.org\/{rel}","templated":true}]}}