{"id":2162,"date":"2025-06-23T21:46:31","date_gmt":"2025-06-23T19:46:31","guid":{"rendered":"https:\/\/mkm68creation.fr\/?post_type=product&#038;p=2162"},"modified":"2025-06-27T21:35:59","modified_gmt":"2025-06-27T19:35:59","slug":"etoiles-de-mer","status":"publish","type":"product","link":"https:\/\/mkm68creation.fr\/?product=etoiles-de-mer","title":{"rendered":"\u00c9toiles de mer"},"content":{"rendered":"<p style=\"text-align: right;\">Plongez dans un univers marin apaisant avec nos coupelles \u00e9toiles de mer \ud83d\udc1a\u2b50, r\u00e9alis\u00e9es en bi-mati\u00e8re : r\u00e9sine naturelle et r\u00e9sine UV, alliant authenticit\u00e9 et brillance.<\/p>\n<p>Fait mains , chaque mod\u00e8le est unique<\/p>\n","protected":false},"excerpt":{"rendered":"<p>Plongez dans un univers marin apaisant avec nos coupelles \u00e9toiles de mer \ud83d\udc1a\u2b50, r\u00e9alis\u00e9es en bi-mati\u00e8re : r\u00e9sine naturelle et r\u00e9sine UV, alliant authenticit\u00e9 et brillance. Fait mains , chaque mod\u00e8le est unique<\/p>\n","protected":false},"featured_media":2159,"comment_status":"open","ping_status":"closed","template":"","meta":[],"product_cat":[75],"product_tag":[],"class_list":{"0":"post-2162","1":"product","2":"type-product","3":"status-publish","4":"has-post-thumbnail","6":"product_cat-evasion-bord-de-mer","8":"first","9":"instock","10":"shipping-taxable","11":"purchasable","12":"product-type-variable"},"jetpack_sharing_enabled":true,"_links":{"self":[{"href":"https:\/\/mkm68creation.fr\/index.php?rest_route=\/wp\/v2\/product\/2162","targetHints":{"allow":["GET"]}}],"collection":[{"href":"https:\/\/mkm68creation.fr\/index.php?rest_route=\/wp\/v2\/product"}],"about":[{"href":"https:\/\/mkm68creation.fr\/index.php?rest_route=\/wp\/v2\/types\/product"}],"replies":[{"embeddable":true,"href":"https:\/\/mkm68creation.fr\/index.php?rest_route=%2Fwp%2Fv2%2Fcomments&post=2162"}],"wp:featuredmedia":[{"embeddable":true,"href":"https:\/\/mkm68creation.fr\/index.php?rest_route=\/wp\/v2\/media\/2159"}],"wp:attachment":[{"href":"https:\/\/mkm68creation.fr\/index.php?rest_route=%2Fwp%2Fv2%2Fmedia&parent=2162"}],"wp:term":[{"taxonomy":"product_cat","embeddable":true,"href":"https:\/\/mkm68creation.fr\/index.php?rest_route=%2Fwp%2Fv2%2Fproduct_cat&post=2162"},{"taxonomy":"product_tag","embeddable":true,"href":"https:\/\/mkm68creation.fr\/index.php?rest_route=%2Fwp%2Fv2%2Fproduct_tag&post=2162"}],"curies":[{"name":"wp","href":"https:\/\/api.w.org\/{rel}","templated":true}]}}