{"id":2135,"date":"2025-04-03T10:16:25","date_gmt":"2025-04-03T08:16:25","guid":{"rendered":"https:\/\/mkm68creation.fr\/?post_type=product&#038;p=2135"},"modified":"2025-04-03T10:32:31","modified_gmt":"2025-04-03T08:32:31","slug":"plateau-vase-boheme","status":"publish","type":"product","link":"https:\/\/mkm68creation.fr\/?product=plateau-vase-boheme","title":{"rendered":"plateau vase Boh\u00eame"},"content":{"rendered":"<p>Plateau d\u00e9coratif avec vase et fleur s\u00e9ch\u00e9es dans l esprit Boh\u00eame<\/p>\n<p>Fait mains en r\u00e9sine naturelle<\/p>\n","protected":false},"excerpt":{"rendered":"<p>Plateau d\u00e9coratif avec vase et fleur s\u00e9ch\u00e9es dans l esprit Boh\u00eame Fait mains en r\u00e9sine naturelle<\/p>\n","protected":false},"featured_media":2131,"comment_status":"open","ping_status":"closed","template":"","meta":[],"product_cat":[65],"product_tag":[],"class_list":{"0":"post-2135","1":"product","2":"type-product","3":"status-publish","4":"has-post-thumbnail","6":"product_cat-resine-naturelle","8":"first","9":"instock","10":"shipping-taxable","11":"purchasable","12":"product-type-variable"},"jetpack_sharing_enabled":true,"_links":{"self":[{"href":"https:\/\/mkm68creation.fr\/index.php?rest_route=\/wp\/v2\/product\/2135","targetHints":{"allow":["GET"]}}],"collection":[{"href":"https:\/\/mkm68creation.fr\/index.php?rest_route=\/wp\/v2\/product"}],"about":[{"href":"https:\/\/mkm68creation.fr\/index.php?rest_route=\/wp\/v2\/types\/product"}],"replies":[{"embeddable":true,"href":"https:\/\/mkm68creation.fr\/index.php?rest_route=%2Fwp%2Fv2%2Fcomments&post=2135"}],"wp:featuredmedia":[{"embeddable":true,"href":"https:\/\/mkm68creation.fr\/index.php?rest_route=\/wp\/v2\/media\/2131"}],"wp:attachment":[{"href":"https:\/\/mkm68creation.fr\/index.php?rest_route=%2Fwp%2Fv2%2Fmedia&parent=2135"}],"wp:term":[{"taxonomy":"product_cat","embeddable":true,"href":"https:\/\/mkm68creation.fr\/index.php?rest_route=%2Fwp%2Fv2%2Fproduct_cat&post=2135"},{"taxonomy":"product_tag","embeddable":true,"href":"https:\/\/mkm68creation.fr\/index.php?rest_route=%2Fwp%2Fv2%2Fproduct_tag&post=2135"}],"curies":[{"name":"wp","href":"https:\/\/api.w.org\/{rel}","templated":true}]}}