{"id":2040,"date":"2025-01-19T10:30:43","date_gmt":"2025-01-19T09:30:43","guid":{"rendered":"https:\/\/mkm68creation.fr\/?post_type=product&#038;p=2040"},"modified":"2025-05-31T16:48:25","modified_gmt":"2025-05-31T14:48:25","slug":"plateau-love","status":"publish","type":"product","link":"https:\/\/mkm68creation.fr\/?product=plateau-love","title":{"rendered":"plateau love"},"content":{"rendered":"<p>C\u00e9l\u00e9brez l&rsquo;amour avec nos cr\u00e9ations uniques et \u00e9l\u00e9gantes.<\/p>\n<p>Ces d\u00e9corations exclusives sont r\u00e9alis\u00e9es \u00e0 la mains \u00e0 partir de r\u00e9sine \u00e9poxy et de r\u00e9sine naturelle pour un rendu raffin\u00e9 et moderne.<\/p>\n","protected":false},"excerpt":{"rendered":"<p>C\u00e9l\u00e9brez l&rsquo;amour avec nos cr\u00e9ations uniques et \u00e9l\u00e9gantes. Ces d\u00e9corations exclusives sont r\u00e9alis\u00e9es \u00e0 la mains \u00e0 partir de r\u00e9sine \u00e9poxy et de r\u00e9sine naturelle pour un rendu raffin\u00e9 et moderne.<\/p>\n","protected":false},"featured_media":2038,"comment_status":"open","ping_status":"closed","template":"","meta":[],"product_cat":[15],"product_tag":[],"class_list":{"0":"post-2040","1":"product","2":"type-product","3":"status-publish","4":"has-post-thumbnail","6":"product_cat-uncategorized","8":"first","9":"instock","10":"shipping-taxable","11":"purchasable","12":"product-type-variable"},"jetpack_sharing_enabled":true,"_links":{"self":[{"href":"https:\/\/mkm68creation.fr\/index.php?rest_route=\/wp\/v2\/product\/2040","targetHints":{"allow":["GET"]}}],"collection":[{"href":"https:\/\/mkm68creation.fr\/index.php?rest_route=\/wp\/v2\/product"}],"about":[{"href":"https:\/\/mkm68creation.fr\/index.php?rest_route=\/wp\/v2\/types\/product"}],"replies":[{"embeddable":true,"href":"https:\/\/mkm68creation.fr\/index.php?rest_route=%2Fwp%2Fv2%2Fcomments&post=2040"}],"wp:featuredmedia":[{"embeddable":true,"href":"https:\/\/mkm68creation.fr\/index.php?rest_route=\/wp\/v2\/media\/2038"}],"wp:attachment":[{"href":"https:\/\/mkm68creation.fr\/index.php?rest_route=%2Fwp%2Fv2%2Fmedia&parent=2040"}],"wp:term":[{"taxonomy":"product_cat","embeddable":true,"href":"https:\/\/mkm68creation.fr\/index.php?rest_route=%2Fwp%2Fv2%2Fproduct_cat&post=2040"},{"taxonomy":"product_tag","embeddable":true,"href":"https:\/\/mkm68creation.fr\/index.php?rest_route=%2Fwp%2Fv2%2Fproduct_tag&post=2040"}],"curies":[{"name":"wp","href":"https:\/\/api.w.org\/{rel}","templated":true}]}}