{"id":1865,"date":"2024-06-01T09:53:49","date_gmt":"2024-06-01T07:53:49","guid":{"rendered":"https:\/\/mkm68creation.fr\/?product=plateau-fierte-%f0%9f%8c%88"},"modified":"2024-06-01T09:53:50","modified_gmt":"2024-06-01T07:53:50","slug":"plateau-fierte-%f0%9f%8c%88","status":"publish","type":"product","link":"https:\/\/mkm68creation.fr\/?product=plateau-fierte-%f0%9f%8c%88","title":{"rendered":"plateau Fiert\u00e9 \ud83c\udf08"},"content":{"rendered":"<p>Magnifiques plateau au couleur du drapeau<\/p>\n<p>illustr\u00e9 par l&rsquo;amour pour tous .<\/p>\n<p>Fait main en r\u00e9sine \u00e9poxy<\/p>\n","protected":false},"excerpt":{"rendered":"<p>Magnifiques plateau au couleur du drapeau illustr\u00e9 par l&rsquo;amour pour tous . Fait main en r\u00e9sine \u00e9poxy<\/p>\n","protected":false},"featured_media":1863,"comment_status":"open","ping_status":"closed","template":"","meta":[],"product_cat":[70],"product_tag":[],"class_list":{"0":"post-1865","1":"product","2":"type-product","3":"status-publish","4":"has-post-thumbnail","6":"product_cat-lgbt","8":"first","9":"instock","10":"shipping-taxable","11":"purchasable","12":"product-type-simple"},"jetpack_sharing_enabled":true,"_links":{"self":[{"href":"https:\/\/mkm68creation.fr\/index.php?rest_route=\/wp\/v2\/product\/1865","targetHints":{"allow":["GET"]}}],"collection":[{"href":"https:\/\/mkm68creation.fr\/index.php?rest_route=\/wp\/v2\/product"}],"about":[{"href":"https:\/\/mkm68creation.fr\/index.php?rest_route=\/wp\/v2\/types\/product"}],"replies":[{"embeddable":true,"href":"https:\/\/mkm68creation.fr\/index.php?rest_route=%2Fwp%2Fv2%2Fcomments&post=1865"}],"wp:featuredmedia":[{"embeddable":true,"href":"https:\/\/mkm68creation.fr\/index.php?rest_route=\/wp\/v2\/media\/1863"}],"wp:attachment":[{"href":"https:\/\/mkm68creation.fr\/index.php?rest_route=%2Fwp%2Fv2%2Fmedia&parent=1865"}],"wp:term":[{"taxonomy":"product_cat","embeddable":true,"href":"https:\/\/mkm68creation.fr\/index.php?rest_route=%2Fwp%2Fv2%2Fproduct_cat&post=1865"},{"taxonomy":"product_tag","embeddable":true,"href":"https:\/\/mkm68creation.fr\/index.php?rest_route=%2Fwp%2Fv2%2Fproduct_tag&post=1865"}],"curies":[{"name":"wp","href":"https:\/\/api.w.org\/{rel}","templated":true}]}}