{"id":1680,"date":"2024-04-17T09:44:50","date_gmt":"2024-04-17T07:44:50","guid":{"rendered":"https:\/\/mkm68creation.fr\/?product=bougeoir-futur-parents"},"modified":"2024-04-24T18:05:45","modified_gmt":"2024-04-24T16:05:45","slug":"bougeoir-futur-parents","status":"publish","type":"product","link":"https:\/\/mkm68creation.fr\/?product=bougeoir-futur-parents","title":{"rendered":"Bougeoir futur parents"},"content":{"rendered":"<p><strong>Sp\u00e9cial F\u00eate des m\u00e8res <\/strong><\/p>\n<p>Bougeoir d&rsquo;ambiance avec son coffret en bois \u00ab\u00a0Futur parents\u00a0\u00bb<\/p>\n<p>bleu paillet\u00e9<\/p>\n<p>L9.5cm l9.5cm h12.8cm<\/p>\n<p>Fait main en r\u00e9sine \u00e9poxy<\/p>\n","protected":false},"excerpt":{"rendered":"<p>Sp\u00e9cial F\u00eate des m\u00e8res Bougeoir d&rsquo;ambiance avec son coffret en bois \u00ab\u00a0Futur parents\u00a0\u00bb bleu paillet\u00e9 L9.5cm l9.5cm h12.8cm Fait main en r\u00e9sine \u00e9poxy<\/p>\n","protected":false},"featured_media":1679,"comment_status":"open","ping_status":"closed","template":"","meta":[],"product_cat":[15],"product_tag":[],"class_list":{"0":"post-1680","1":"product","2":"type-product","3":"status-publish","4":"has-post-thumbnail","6":"product_cat-uncategorized","8":"first","9":"instock","10":"purchasable","11":"product-type-simple"},"jetpack_sharing_enabled":true,"_links":{"self":[{"href":"https:\/\/mkm68creation.fr\/index.php?rest_route=\/wp\/v2\/product\/1680","targetHints":{"allow":["GET"]}}],"collection":[{"href":"https:\/\/mkm68creation.fr\/index.php?rest_route=\/wp\/v2\/product"}],"about":[{"href":"https:\/\/mkm68creation.fr\/index.php?rest_route=\/wp\/v2\/types\/product"}],"replies":[{"embeddable":true,"href":"https:\/\/mkm68creation.fr\/index.php?rest_route=%2Fwp%2Fv2%2Fcomments&post=1680"}],"wp:featuredmedia":[{"embeddable":true,"href":"https:\/\/mkm68creation.fr\/index.php?rest_route=\/wp\/v2\/media\/1679"}],"wp:attachment":[{"href":"https:\/\/mkm68creation.fr\/index.php?rest_route=%2Fwp%2Fv2%2Fmedia&parent=1680"}],"wp:term":[{"taxonomy":"product_cat","embeddable":true,"href":"https:\/\/mkm68creation.fr\/index.php?rest_route=%2Fwp%2Fv2%2Fproduct_cat&post=1680"},{"taxonomy":"product_tag","embeddable":true,"href":"https:\/\/mkm68creation.fr\/index.php?rest_route=%2Fwp%2Fv2%2Fproduct_tag&post=1680"}],"curies":[{"name":"wp","href":"https:\/\/api.w.org\/{rel}","templated":true}]}}