{"id":1602,"date":"2023-10-01T18:22:36","date_gmt":"2023-10-01T16:22:36","guid":{"rendered":"https:\/\/mkm68creation.fr\/?product=veilleuse-caroussel"},"modified":"2024-10-14T23:23:53","modified_gmt":"2024-10-14T21:23:53","slug":"veilleuse-caroussel","status":"publish","type":"product","link":"https:\/\/mkm68creation.fr\/?product=veilleuse-caroussel","title":{"rendered":"veilleuse man\u00e8ge si\u00e8ges volant"},"content":{"rendered":"<p>Magnifique veilleuse man\u00e8ge<\/p>\n<p>( Fonctionne avec 2 piles CR2032 fourni<\/p>\n<p>Fait mains en r\u00e9sine \u00e9poxy<\/p>\n","protected":false},"excerpt":{"rendered":"<p>Magnifique veilleuse man\u00e8ge ( Fonctionne avec 2 piles CR2032 fourni Fait mains en r\u00e9sine \u00e9poxy<\/p>\n","protected":false},"featured_media":1608,"comment_status":"open","ping_status":"closed","template":"","meta":[],"product_cat":[26,54],"product_tag":[],"class_list":{"0":"post-1602","1":"product","2":"type-product","3":"status-publish","4":"has-post-thumbnail","6":"product_cat-decorations","7":"product_cat-lampe-veilleuse-decorations","9":"first","10":"instock","11":"shipping-taxable","12":"purchasable","13":"product-type-variable"},"jetpack_sharing_enabled":true,"_links":{"self":[{"href":"https:\/\/mkm68creation.fr\/index.php?rest_route=\/wp\/v2\/product\/1602","targetHints":{"allow":["GET"]}}],"collection":[{"href":"https:\/\/mkm68creation.fr\/index.php?rest_route=\/wp\/v2\/product"}],"about":[{"href":"https:\/\/mkm68creation.fr\/index.php?rest_route=\/wp\/v2\/types\/product"}],"replies":[{"embeddable":true,"href":"https:\/\/mkm68creation.fr\/index.php?rest_route=%2Fwp%2Fv2%2Fcomments&post=1602"}],"wp:featuredmedia":[{"embeddable":true,"href":"https:\/\/mkm68creation.fr\/index.php?rest_route=\/wp\/v2\/media\/1608"}],"wp:attachment":[{"href":"https:\/\/mkm68creation.fr\/index.php?rest_route=%2Fwp%2Fv2%2Fmedia&parent=1602"}],"wp:term":[{"taxonomy":"product_cat","embeddable":true,"href":"https:\/\/mkm68creation.fr\/index.php?rest_route=%2Fwp%2Fv2%2Fproduct_cat&post=1602"},{"taxonomy":"product_tag","embeddable":true,"href":"https:\/\/mkm68creation.fr\/index.php?rest_route=%2Fwp%2Fv2%2Fproduct_tag&post=1602"}],"curies":[{"name":"wp","href":"https:\/\/api.w.org\/{rel}","templated":true}]}}