{"id":1012,"date":"2022-10-12T17:56:39","date_gmt":"2022-10-12T15:56:39","guid":{"rendered":"https:\/\/mkm68creation.fr\/?post_type=product&#038;p=1012"},"modified":"2025-11-18T10:25:41","modified_gmt":"2025-11-18T09:25:41","slug":"dessous-de-verres-ange-socle","status":"publish","type":"product","link":"https:\/\/mkm68creation.fr\/?product=dessous-de-verres-ange-socle","title":{"rendered":"dessous de verres ange + socle"},"content":{"rendered":"<p>dessous de verres ailes d&rsquo;ange +socle<br \/>\nblanc et dor\u00e9<\/p>\n","protected":false},"excerpt":{"rendered":"<p>Lot de 6 dessous de verres en ailes d&rsquo;ange avec son socle<br \/>\nblanc et dor\u00e9<\/p>\n<p>Possible de les personnalis\u00e9s selon vos envies<br \/>\n-couleurs<\/p>\n<p>Merci de renseigner vos pr\u00e9f\u00e9rences via le formulaire de contact<br \/>\ncr\u00e9ations sous 2 \u00e0 5 jours selon mod\u00e8le[contact-form][contact-field label=\"Nom\" type=\"name\"  required=\"true\" \/][contact-field label=\"E-mail\" type=\"email\" required=\"true\" \/][contact-field label=\"Site web\" type=\"url\" \/][contact-field label=\"Message\" type=\"textarea\" \/][\/contact-form]<\/p>\n","protected":false},"featured_media":1013,"comment_status":"open","ping_status":"closed","template":"","meta":[],"product_cat":[39,48],"product_tag":[],"class_list":{"0":"post-1012","1":"product","2":"type-product","3":"status-publish","4":"has-post-thumbnail","6":"product_cat-art-de-la-table","7":"product_cat-dessous-de-verres","9":"first","10":"instock","11":"shipping-taxable","12":"purchasable","13":"product-type-simple"},"jetpack_sharing_enabled":true,"_links":{"self":[{"href":"https:\/\/mkm68creation.fr\/index.php?rest_route=\/wp\/v2\/product\/1012","targetHints":{"allow":["GET"]}}],"collection":[{"href":"https:\/\/mkm68creation.fr\/index.php?rest_route=\/wp\/v2\/product"}],"about":[{"href":"https:\/\/mkm68creation.fr\/index.php?rest_route=\/wp\/v2\/types\/product"}],"replies":[{"embeddable":true,"href":"https:\/\/mkm68creation.fr\/index.php?rest_route=%2Fwp%2Fv2%2Fcomments&post=1012"}],"wp:featuredmedia":[{"embeddable":true,"href":"https:\/\/mkm68creation.fr\/index.php?rest_route=\/wp\/v2\/media\/1013"}],"wp:attachment":[{"href":"https:\/\/mkm68creation.fr\/index.php?rest_route=%2Fwp%2Fv2%2Fmedia&parent=1012"}],"wp:term":[{"taxonomy":"product_cat","embeddable":true,"href":"https:\/\/mkm68creation.fr\/index.php?rest_route=%2Fwp%2Fv2%2Fproduct_cat&post=1012"},{"taxonomy":"product_tag","embeddable":true,"href":"https:\/\/mkm68creation.fr\/index.php?rest_route=%2Fwp%2Fv2%2Fproduct_tag&post=1012"}],"curies":[{"name":"wp","href":"https:\/\/api.w.org\/{rel}","templated":true}]}}